h(y) = -y**3 - 8*y**2 - 4. Let c be h(-8). Let p be 152/(-5) - c/10. Let r be p/(-26) - (-6)/(-39). What is the greatest common divisor of 1 and r?
1
Suppose 2*k - 40 = -0. Suppose 3*v = 2*y, -4*y + 4*v - 3*v = -k. Let h be (27/(-6))/(y/(-40)). What is the greatest common factor of 20 and h?
10
Let r be (37/(-2)*-8)/1. Calculate the highest common factor of r and 37.
37
Let r = -46 + 61. Let l = 134 - 59. Calculate the greatest common divisor of r and l.
15
Suppose -4 = o - 8. What is the highest common factor of o and 16?
4
Let n be (2 + -7)*(-16)/(-20). Let q be (n + 12)/(6/3). Suppose -q*k + 109 = -91. Calculate the highest common divisor of k and 75.
25
Let m(p) = -p**3 - 11*p**2 - 2*p + 10. Let r be m(-11). Let w be 388/r + 2/(-16). What is the greatest common factor of 24 and w?
12
Let s(w) = 18*w - 6. Let u be s(1). What is the greatest common divisor of u and 132?
12
Suppose 4*f - 4 - 192 = 0. Let y(n) = 5*n - 3. Let l be y(5). Suppose -3*z - 28 = 4*q - 71, -q - 3*z = -l. What is the greatest common divisor of q and f?
7
Let h = 26 - 9. Calculate the highest common factor of h and 85.
17
Let c(l) = 6*l**2 + 4*l + 2. Let i be c(-2). Let a = 10 - i. Let w = a - -25. Calculate the highest common divisor of w and 136.
17
Suppose -70 = -3*v + x, -4*v - 22 + 147 = 5*x. Let q(w) = 7*w - 2. Let n be q(2). Let t = n + -7. Calculate the greatest common divisor of v and t.
5
Suppose -4*k - 152 = 4*f, 5*f + 21 + 33 = -k. Let q = 59 + k. Calculate the greatest common factor of 275 and q.
25
Let y(h) = -4*h + 3. Let t(a) = a. Let l(u) = 5*t(u) - y(u). Let r be l(7). Calculate the highest common factor of 24 and r.
12
Suppose 4 = 5*d + 4*p, -4*d = -0*p + 5*p + 4. Suppose k - d = -0*k. What is the greatest common factor of 12 and k?
4
Suppose -4*g - 3*i + 15 = -1, 5*i = -5*g + 25. Let l be 11 + -5 + (g - 1). Let s be (-10)/(-2 + 10/6). What is the greatest common factor of s and l?
6
Suppose 4*g = -3*h + 19, 2*g + 2*h - 7 = 3*h. Suppose -r + 275 = g*r + 3*t, -94 = -2*r + 2*t. Calculate the greatest common factor of 13 and r.
13
Let y(h) = -h**3 - 7*h**2 - 5*h + 7. Let f be y(-6). Let d be (f + 23)*3/6. Suppose g - 192 = -g. Calculate the highest common factor of d and g.
12
Let o be -2 - (11*-9 + 2). Calculate the greatest common divisor of o and 38.
19
Let d(k) = k**3 - 5*k**2 - 4*k - 12. Let t be d(9). Suppose -4*b = 4*i - 0*i - t, -i = 4*b - 279. Calculate the greatest common divisor of b and 10.
10
Let q(x) = -x**3 + 2*x**2 + x. Let j be q(-2). Suppose m + 3*n = 21, 0 = 3*n - j + 2. Calculate the greatest common divisor of 81 and m.
9
Let k be (-84)/(-22) + (-26)/(-143). Calculate the greatest common factor of 76 and k.
4
Let u be 2/(-8) - (-962)/8. Suppose -4*k - u = -7*k. Let f be 2 - (2 - 50*2). What is the greatest common divisor of f and k?
20
Let x be -2 - (4 - 107) - 5. What is the highest common factor of 12 and x?
12
Suppose -z - n - 3 = 3*n, -2*n = -3*z + 5. Let s be -2*z/(2 - 4). Calculate the greatest common factor of 5 and s.
1
Suppose -2*a + 43 = -r, 5*r + 95 = -2*a + 6*a. Suppose -7*m + a = -3*m. Calculate the greatest common factor of m and 25.
5
Let p(w) = -w + 4. Let o be p(4). Let i(c) = c**2 - 16. Let s be i(o). Let y be s/(-3)*21/14. What is the greatest common divisor of 88 and y?
8
Let z(g) = -g**3 - 8*g**2 + 8*g + 11. Let n be z(-9). Let b = n - 10. Let c be 2/4*(-100)/(-2). Calculate the highest common divisor of b and c.
5
Let v(z) = z + 9. Let q be v(-7). Calculate the greatest common factor of q and 4.
2
Suppose -16*s + 17 - 1 = 0. Calculate the greatest common divisor of s and 3.
1
Suppose -1 = 4*r + 7. Let q be (-69)/(-2) + 1/r. What is the highest common factor of 17 and q?
17
Let x = -220 + 234. Calculate the greatest common factor of x and 14.
14
Let r be (0 - -1) + -2 - -6. Let p = r + 15. Let q = 14 - 10. What is the greatest common divisor of q and p?
4
Let k = -64 - -71. What is the greatest common divisor of 77 and k?
7
Let u = 26 - 21. Suppose 0 = 3*n - n - u*q - 4, -2*n - 4*q = -4. Calculate the highest common factor of n and 8.
2
Suppose 41 = 3*u - d, -3*u - d + 16 = 3*d. What is the greatest common factor of u and 16?
4
Let q(b) = b**3 + 13*b**2 + 15*b + 10. Let r be q(-11). Calculate the highest common factor of r and 29.
29
Suppose 0 = 5*g - 2 - 8. Suppose 40 - 7 = 2*l - 3*m, -58 = -4*l - g*m. Calculate the greatest common divisor of l and 6.
3
Let g(k) = k**3 - 8*k**2 + 13*k + 2. Let p be g(6). Calculate the greatest common factor of p and 72.
8
Let q be (77/35)/((3/5)/3). What is the highest common divisor of q and 11?
11
Suppose 5*b + 101 = 3*g, 0 = -4*g - 3*b - 0*b + 183. Suppose -4*u + 26 = j - 0*u, g = 2*j + 3*u. Calculate the highest common divisor of 6 and j.
6
Let l be 3 + 12*1 + -1. Let k(s) = s**3 + 2*s**2 - 2. Let u be k(2). Let m be (-24)/u*(-294)/4. What is the greatest common divisor of m and l?
14
Suppose 0 = -5*m + 13*r - 12*r + 1475, 0 = 4*r + 20. What is the greatest common factor of m and 42?
42
Let c be -1 - (2 + -1)*0. Let p(z) = -116*z**3 - 2*z**2 - 2*z - 1. Let t be p(c). What is the greatest common divisor of 23 and t?
23
Let c be (-13 - -11)/((-4)/2). What is the greatest common factor of 9 and c?
1
Let f be 125/45 + (-4)/(-18). Suppose -2*j = 4*a - 22, -j = 5*a - f*j - 5. Let r be (-1)/a*(-159 + -6). Calculate the highest common factor of r and 22.
11
Suppose 0 = 3*t - 19 - 65. What is the greatest common divisor of t and 7?
7
Suppose 0 = -i + 273 - 12. Calculate the greatest common factor of 9 and i.
9
Suppose -2*m + 5*f = 56 - 189, 5*f - 137 = -3*m. Let j = 30 - 24. What is the highest common divisor of m and j?
6
Let x(o) = 10*o - 5. Let p be x(3). What is the highest common factor of p and 5?
5
Suppose 2*d - 1 = 3*p - 23, 2*p - d = 15. Let k = 128 - 56. What is the greatest common divisor of p and k?
8
Suppose 0 = 5*t - 15 + 60. Let h = -6 - t. What is the highest common factor of h and 21?
3
Let a be (-1948)/(-18) - 10/45. Let z be 12/(-3)*(0 - 13). Suppose -5*p + z + 8 = 0. Calculate the greatest common divisor of p and a.
12
Let q = 35 + -28. What is the highest common divisor of q and 35?
7
Let q = -11 - -43. Calculate the highest common divisor of 4 and q.
4
Let x be (0 - -2) + 7/1. Let g = -439 - -484. Calculate the highest common divisor of x and g.
9
Suppose -5*o - a - 35 = 0, 0*a - 7 = 2*o - a. Let u be 10/(0 + (-4)/o). What is the greatest common divisor of 10 and u?
5
Let i = 16 - 10. Suppose 8*v - 85 = 3*v. Suppose q + i = v. Calculate the highest common divisor of 1 and q.
1
Suppose -4*s + 5*y - 56 = -236, -5*s = 5*y - 270. Suppose 2*v = -3*v + s. What is the greatest common divisor of v and 80?
10
Suppose -2*d + 0*v = -5*v - 25, 35 = 2*d + 5*v. Let f be 24/5*50/d. Calculate the greatest common factor of 144 and f.
16
Suppose 0 = -5*q - 2*r + 100, -3*q + r + 41 = -19. What is the highest common factor of 50 and q?
10
Let i = 179 + -124. Calculate the highest common divisor of i and 220.
55
Let w = 60 + -18. Calculate the greatest common divisor of w and 6.
6
Let t be (-5)/(3*(-15)/54). Calculate the highest common divisor of 42 and t.
6
Let s(t) = -265*t - 1. Let r be s(-4). Let k be 4/(-18) - r/(-27). Let m = -21 + k. What is the highest common divisor of m and 45?
9
Let c = -74 - -93. Calculate the greatest common divisor of 133 and c.
19
Suppose -56 = -5*g - 4*v, 2*g - 24 = -2*v - 0. Suppose 56 = -4*c + g*c. Calculate the greatest common divisor of c and 35.
7
Let z be (-1 + (-11)/(-2))*6. Suppose -3*l + l + 144 = 0. Suppose w - 5*w = -l. What is the greatest common divisor of w and z?
9
Suppose f - 5 = 0, -x - 5*f + 15 + 8 = 0. Let a = x - -5. Suppose 0*b + 27 = b. Calculate the highest common divisor of b and a.
3
Let l be 9/6*(-16)/(-6). Let a be 8/(-52) + 106/13. What is the greatest common factor of l and a?
4
Suppose 0 = -z + 1 + 1. Suppose z*v = -v + 18. Let k be (-2)/v*(-30 + 0). What is the greatest common divisor of k and 5?
5
Let f be 635/5 - 2/2. Let p = 8 - -6. What is the highest common divisor of f and p?
14
Let n(v) = -v**3 + 7*v**2 + v + 2. Let l be n(5). Let m(w) = w**3 + 2*w**2 - w + 19. Let r be m(0). Calculate the greatest common divisor of l and r.
19
Suppose 6 = 5*v - 4. Calculate the greatest common factor of v and 14.
2
Let u = 